 = 0. Calculate the remainder when 67 is divided by y.
16
Let d(c) = 6*c - 4. Let r be d(6). Let w = r + -22. Let h = w + 1. What is the remainder when h is divided by 6?
5
Let h(j) = -j**3 - 3*j**2 + 9*j + 1. Suppose 0 = 3*w - p + 12, -2*p = 3*w - w + 8. What is the remainder when h(-6) is divided by (-2)/w*(41 + -3)?
17
What is the remainder when 75 - 2 - (-3)/(-1) is divided by 18?
16
Let r(n) = -n**2 - 4*n + 1. Let g be r(-3). Let o = g - -1. What is the remainder when o is divided by 2?
1
Let k = -77 + 168. Calculate the remainder when k is divided by 23.
22
Let f(q) = q + 1. Let h be f(-1). Suppose 2*y = y + 2*o + 22, -2*y - 3*o + 30 = 0. What is the remainder when h + 68/(-6)*-3 is divided by y?
16
Suppose 0 = 3*w + 6, 2*d - w = -3*w + 36. What is the remainder when 79 is divided by d?
19
Let o be 4*6 - (-1 + 1). Suppose 7*h - 2*h + 65 = 5*l, -4*l = -2*h - 28. Let v = h + o. Calculate the remainder when 45 is divided by v.
9
What is the remainder when -16*(2/4)/((-3)/36) is divided by 25?
21
Let l = -21 + 38. Let z = 14 + 53. What is the remainder when z is divided by l?
16
Let q = 59 + -49. Suppose 0 = -f + 5*g + 5 - 2, -g - 15 = -5*f. What is the remainder when q is divided by f?
1
Let f(u) = -u**3 + 5*u**2 + 6*u - 1. Let b be f(6). What is the remainder when 49 is divided by (2/2)/(b/(-17))?
15
Let j(q) = -36*q**3 + 2*q + 1. Let z be j(-1). Suppose 11 = -3*g + z. What is the remainder when -58*(-2)/g*2 is divided by 15?
14
Suppose 0*d + 18 = o + 5*d, -2*d = 0. Calculate the remainder when o is divided by 6.
0
Let y(a) = a**2 - 7*a - 5. Let j be y(7). Calculate the remainder when (1 - 24)/(j + 4) is divided by 8.
7
Let c(u) = 32*u - 10. Let z be c(-8). What is the remainder when z/(-12) + (-2)/12 is divided by 6?
4
Suppose -4*b - 11 = -35. Suppose -5*y + 0*y = -110. What is the remainder when y is divided by b?
4
Let k = 39 + -25. Suppose 3*j - j - 16 = 0. What is the remainder when k is divided by j?
6
Let k = 73 - 113. What is the remainder when (k/(-4))/((-4)/(-6)) is divided by 8?
7
Let i = -30 - -38. Calculate the remainder when i is divided by 4.
0
Let w(l) be the third derivative of 4/3*l**3 + 0 + 0*l + 1/24*l**4 - 2*l**2. What is the remainder when w(0) is divided by 5?
3
Suppose 3*h - 2*u - 81 = 0, -2*h - 3*u = 2*u - 35. What is the remainder when h is divided by 8?
1
Calculate the remainder when 6/(-10) + 1296/10 + -3 is divided by 43.
40
Suppose 12*k - 48 = 8*k. What is the remainder when 34 is divided by k?
10
Let h = 59 + 232. Suppose 5*n - h = -101. Calculate the remainder when n is divided by 13.
12
Let s(b) = b**2 - 2*b - 6. Let g(u) = u. Let y be g(0). Calculate the remainder when (y - 3)*10/(-6) is divided by s(4).
1
What is the remainder when 16 + -1 + -1 + 3 is divided by 9?
8
Suppose 0 = 4*o + 8, -3*w + 3 = 2*o + 4. Let m be (-2)/4*(-3 - w). Suppose -m*b = -0*b - 26. What is the remainder when 24 is divided by b?
11
Let u = -90 + 103. What is the remainder when 90 is divided by u?
12
Calculate the remainder when (4 + -18)*(-1 + 0) is divided by 6.
2
Suppose -2*b = m - 33, -4*m + 5 = -2*b - 77. What is the remainder when 89 is divided by m?
20
Suppose -3*l + 14 - 5 = 0. Let r(x) = 1 - 3*x + 6*x + 8*x - l*x. What is the remainder when 32 is divided by r(2)?
15
What is the remainder when ((-390)/(-20))/(3/4) is divided by 7?
5
Suppose 0 = -93*u + 89*u + 80. What is the remainder when u is divided by 11?
9
Suppose 9*d + 4*g - 19 = 4*d, 3*d = 4*g + 5. Suppose 0 = -5*w - 4*z + 41, -d*w + 7 = -0*w - 2*z. Calculate the remainder when w is divided by 2.
1
Let c(v) = -v + 11. Let x be c(6). Suppose -7 - 98 = -x*a. Let z(l) = 3*l**2 + l + 1. What is the remainder when a is divided by z(-2)?
10
Suppose -4 = -4*i + 2*b, -2*b + 5*b = 4*i. Suppose 0 = i*k + 4*l - 3 - 8, 0 = -4*k - 3*l + 24. Calculate the remainder when 25 is divided by k.
7
Suppose 19 + 48 = 2*v + 3*j, 5*v + 4*j = 178. Calculate the remainder when 111 is divided by v.
35
Let s = 124 + -57. Calculate the remainder when s is divided by 18.
13
Let s(v) = -v**2 + 5*v + 7. Let r be s(6). Calculate the remainder when (1 + r + 1)/1 is divided by 2.
1
Suppose -3*k + 12 = 0, -4*k = -2*p - 3 - 5. Suppose p*c - 31 = -11. Calculate the remainder when c is divided by 4.
1
Let n(u) = 3*u - 1. Calculate the remainder when n(6) is divided by ((-36)/42)/(1/(-7)).
5
Suppose -4*d - 4*k - 176 = -0*d, -2*d - 86 = 4*k. Calculate the remainder when 23 is divided by d/10*4/(-3).
5
Let g = 65 - 57. Suppose -20 = -2*s + 10. Calculate the remainder when s is divided by g.
7
Suppose 39*h + 28 = 41*h. Calculate the remainder when 165 is divided by h.
11
Suppose -3*q + 54 = -42. What is the remainder when q is divided by 11?
10
Let q(g) = -g**2 + 11*g + 2. What is the remainder when 45 is divided by q(10)?
9
Let j(g) = -g + 3. Let v be j(-6). Let f = v - -5. What is the remainder when 54 is divided by f?
12
Calculate the remainder when (3 - 578/4)*(-2 + 0) is divided by 19.
17
Let d be -2 + 0 + -1*3. Let i be 4/10 - 608/d. Suppose -4*k - 14 = -i. Calculate the remainder when k is divided by 14.
13
Let s = -3 + 7. Calculate the remainder when 280/(-16)*8/(-14) is divided by s.
2
Let s = 33 - 17. Let l(j) = -j**3 + 7*j**2 + j + 4. What is the remainder when l(6) is divided by s?
14
Suppose -1039 + 24 = -5*n. Suppose n = 2*l + 65. What is the remainder when l is divided by 18?
15
Suppose -2*h + 4*h = 0. Suppose h*f + 8 = -2*f. What is the remainder when 25 is divided by f/(-6) + 280/21?
11
Let t = -1 + 1. Suppose 2*r = -t*r + 52. Let k(z) = -z**3 + 9. Calculate the remainder when r is divided by k(0).
8
Suppose -6*b + 16 = -2*b. Let x(r) = r**3 - 5*r**2 + 7*r - 6. What is the remainder when 11 is divided by x(b)?
5
Let a(g) = -g**2 + 8*g - 9. Let c be a(6). Suppose f = -c + 15. Calculate the remainder when 45 is divided by f.
9
Let v(j) be the second derivative of j**4/6 - 3*j**3/2 - 5*j**2 + 6*j. Calculate the remainder when 49 is divided by v(7).
24
Let o(m) = -m + 11. Suppose 5*b = 7*b + 26. What is the remainder when 70 is divided by o(b)?
22
Let h(m) = -m**3 + 7*m**2 + 4*m + 7. Suppose -3*s + 5 = -31. What is the remainder when h(7) is divided by s?
11
Let s be (50/(-4) - 3)*-2. Let j = s - 14. Calculate the remainder when 67 is divided by j.
16
Let c = -16 - -33. Calculate the remainder when c is divided by 9.
8
Let s = 2 - -4. What is the remainder when 5*s*(-12)/(-15) is divided by 3/2*26/3?
11
Let u be (1206/21)/(-1)*7. What is the remainder when (2/(-3))/(4/u) is divided by 23?
21
Let c(x) = 17*x**2 - x + 1. Let f(i) = -i**3 + 4*i**2 - i - 3. Let y be f(3). Suppose -y*q - 196 = -7*q. Calculate the remainder when q is divided by c(1).
15
Let y = -7 - -10. Suppose -y*i + 68 = -i. Suppose -4*l = -10 - 38. Calculate the remainder when i is divided by l.
10
Suppose -3*t - 18 = -3*q - 0*q, 2 = 2*t + 5*q. What is the remainder when 25 is divided by (-53)/t + 4/(-16)?
12
Let l = 19 - 9. Let c be 56/20*(l + 0). Suppose -c = 5*p - 263. What is the remainder when p is divided by 16?
15
Let m = 281 - 182. What is the remainder when m is divided by 25?
24
Suppose 0 = 7*l - 4*l + 84. What is the remainder when (-3)/4*1*l is divided by 8?
5
Suppose 2*j - 3 - 7 = 0. Suppose -27 - 53 = -j*l. Calculate the remainder when (-1 - 9)/((-1)/3) is divided by l.
14
Let x(a) = -3*a**2 - 5*a + 2. Suppose -4*d + d + 9 = 0. Let w be x(d). Let r = -23 - w. Calculate the remainder when 49 is divided by r.
15
Let a(b) = -b - 3. Suppose -3*l + 5 = -x, l = -2*x - 3*l + 20. What is the remainder when a(-14) is divided by x?
3
Let x be ((-36)/(-15))/(3/10). Let v = x + -5. Calculate the remainder when v is divided by 3.
0
Let p(a) = 10*a + 64. Calculate the remainder when p(6) is divided by 21.
19
Suppose 0*r + 13 = 4*r + i, 0 = -3*r - 2*i + 16. Suppose 35 = r*q + 3*q. What is the remainder when 27 is divided by q?
6
Let s(t) = t**3 - 5*t**2 + 2*t + 2. Let h = -1 - 13. What is the remainder when -5*h/(-1 - -3) is divided by s(5)?
11
Suppose 2*u - 4*u - 6 = 0. Let a(j) = -j + 4. What is the remainder when (-3)/2*104/(-12) is divided by a(u)?
6
Suppose 0 = u + k + 1, 2*k = 2*u - 0*k - 14. What is the remainder when 13 is divided by u?
1
Let s = 4 + -4. Suppose s = -4*w + 8*w - 84. Suppose 4*a - w = -1. Calculate the 